 first derivative of 3*h**2/2 + 2. Let u be -3*(-4)/(-48)*4 - -2. Give g(u).
3
Suppose 5*o - o = 148. Let i(t) = 32 - t**2 - 3*t - 5*t + 2*t - o. Give i(-6).
-5
Let n(t) = t**3 + 6*t**2 - t + 1. Suppose -6*y + 114 = 18. Let a = y + -22. Calculate n(a).
7
Let b(o) be the second derivative of 11*o**3/6 + 3*o**2/2 - 434*o. Give b(-4).
-41
Let o(h) = -h**3 + 30*h**2 + h - 28. Let x be o(30). Let y(w) = 6 - 22*w**2 - 25*w**x + 46*w**2 + w**3 - 1. What is y(0)?
5
Let k(z) = -4*z + 6. Let s be k(1). Let n(h) = 3*h. Let x be n(s). Let w(t) = -5*t**2 - 4*t + 0*t**2 + 2 - 1 + t**3 - 5. Calculate w(x).
8
Let v(c) = 32*c - 193. Let t be v(6). Let w(q) = 12*q**3 - q**2 - q. What is w(t)?
-12
Let i(a) = -4*a**2 - 2*a + 1. Let k be -4 + (11 - (-7 + 12)). What is i(k)?
-19
Let v(z) be the second derivative of -z**5/20 + z**3/6 + z**2 + 45*z. Let h(n) = -n**2 + 3*n - 4. Let b be h(3). Let g be (-2)/b - (-6)/4. Calculate v(g).
-4
Let v(d) be the first derivative of 2*d**2 - 6*d + 9 + 1/6*d**3. Let i(k) be the first derivative of v(k). Give i(6).
10
Let t(j) = 0*j**2 + 0*j**2 + j**3 + 10 - j. Let c(n) = -7*n + 91. Let l be c(13). Calculate t(l).
10
Suppose -4*t - 16 = 8. Let k(b) = 5*b**3 - 3*b**2 - 6. Let j be (12/(-4) - 0/1)*1. Let o(q) = -3*q**3 + 4*q**2 + 5. Let i(a) = j*o(a) - 2*k(a). Determine i(t).
-3
Let x(q) = q**2 + 21. Let h(j) be the first derivative of -j**3/3 + 11*j**2/2 + 12*j - 35. Let w be h(12). Determine x(w).
21
Let h(z) be the third derivative of 1/8*z**4 - z**2 - 1/3*z**3 + 0*z + 0. Suppose 4 = 2*d - d. Determine h(d).
10
Let a(i) = -7*i**3 + 7*i**2 - 4*i + 6. Let m(f) = -2*f**3 + f**2 + 1. Let s(g) = -a(g) + 3*m(g). Suppose -j - 4*t = -3 - 4, -3*t + 12 = 3*j. Determine s(j).
0
Let h(p) = -19*p. Let i(n) = -9*n. Suppose -5*b + 21 = 2*w, -3*w + 4*b - 3*b = -6. Let q be 4 + (-20 - (0 - w)). Let a(z) = q*i(z) + 6*h(z). Give a(1).
3
Let n(d) = 12*d - 9. Let x(q) = -q + 1. Let u(v) = n(v) + 6*x(v). Suppose -3*s + 4 + 4 = 4*t, -4*s - t = 11. Calculate u(s).
-27
Let h(w) = -4*w - 11. Let t(x) = -4. Let j(u) = h(u) - 3*t(u). Determine j(0).
1
Let p(i) = 13*i**2 + 14*i + 6. Let m(c) = c**2 - c. Let l(y) = -13*y**2 - y - 3. Let w(r) = l(r) + 6*m(r). Let z(n) = 6*p(n) + 11*w(n). Determine z(-6).
-3
Let d(j) = j**2 + 28*j + 8. Let a be d(-28). Let h(y) = 2*y - 12. Give h(a).
4
Let r(x) = 15*x - 1 + 18*x - 32*x + 4 - 2. What is r(-4)?
-3
Let x(d) = -5*d**3 - 5*d**2 - 7*d + 8. Let z(l) = 14*l**3 + 15*l**2 + 20*l - 23. Suppose 5*h = 11 - 66. Let w(p) = h*x(p) - 4*z(p). Determine w(-4).
0
Let r(i) = 2*i - 2. Let l(z) = -7*z. Let g(v) = l(v) + 3*r(v). What is g(3)?
-9
Let z(j) = -1 - 429*j**2 + 430*j**2 + 1 + 3 - 2*j. Give z(-3).
18
Suppose 5*q + 5*b + 75 = 0, -3*q - 4*b + 0*b - 50 = 0. Let v = q + 17. Let z(l) = -2 - 5 + 3 + 6*l - v*l. Give z(-4).
0
Let p(r) = 4*r**3 - 2*r**2 - r. Let l be 7/35 - 312/10. Let a = l - -30. Give p(a).
-5
Let p(z) = z + 13. Let r(j) = -3*j - 8. Let l be r(-7). Let n be 0/2*1 - (l - 13). Calculate p(n).
13
Let w = 683 - 685. Let v(k) = 8*k - 2. Determine v(w).
-18
Let x(u) = 0*u - u - 2*u**2 - 3*u - 4 + 3*u**2. Let y(c) = -c**2 - 7*c - 5. Let o be y(-5). Determine x(o).
1
Suppose -w = -3*w + 4. Let c(q) = -2*q + 1 + q + 1 + w*q + q**2. Suppose -5*m + 2*m = 0. Give c(m).
2
Let t(m) be the third derivative of m**5/40 - m**4/24 - 2*m**3 - 8*m**2. Let x(f) be the first derivative of t(f). Give x(1).
2
Let b = 1068 + -1065. Let l(x) be the third derivative of 0 + 1/6*x**b + 0*x - 10*x**2 + 1/24*x**4. Determine l(1).
2
Let x = -720 + 709. Let o(w) = -2*w + 12. What is o(x)?
34
Let i(l) = 1 - l**2 + 2*l**2 - 2*l**2 - 2*l**3. Let x be 2/(-6)*(-11)/((-165)/45). Calculate i(x).
2
Let b(q) = -q**3 - 5*q**2 - 2*q + 1. Let h(d) = 4*d**2 + 4 - 3*d**2 - 4 - 7*d + 10. Let g be h(4). Calculate b(g).
-7
Let x(t) = -5*t - 2. Let z(r) = 4*r - 86. Let p be z(27). Let s be -4 + (-344)/(-44) + 4/p. Determine x(s).
-22
Let l be (6/(2 + -1))/(-1). Let y(u) = u**2 + 3*u - 13. Determine y(l).
5
Let q(n) = -2*n**2 - 6*n + 5. Let g(x) = 2*x + 12. Let v be g(-9). Give q(v).
-31
Let m(t) be the third derivative of -2/3*t**3 - 11/24*t**4 + 0 - 3/20*t**5 + 0*t - 15*t**2 - 1/120*t**6. Determine m(-7).
-25
Let w(p) = 8*p**2 - 1. Suppose 12 = 4*g - 0*g. Let l be (1/(-3) - 0)*g. Give w(l).
7
Let o(q) = 0*q**3 + 2*q + q**3 - 7 - 13 + 20 + 6*q**2. Give o(-3).
21
Let q(c) = -13*c**2 - 25*c + 2. Let h(s) = -10*s**2 - 24*s + 2. Let y(l) = -4*h(l) + 3*q(l). Determine y(-21).
-2
Let r(n) be the third derivative of n**5/30 + n**3/6 + 8*n**2. What is r(1)?
3
Let y = -145 - -147. Let t(b) = -b**3 + 2*b**2 - b. Determine t(y).
-2
Let w = 0 + -5. Let p = 3 - 3. Let o(r) = 2*r - 4*r - 5 + p. What is o(w)?
5
Let y(p) = p**2 - 7*p - 4. Let l be (-5 + 3 + 11)/(1 + 0). Let b(d) = d**3 - 8*d**2 - 8*d - 2. Let i be b(l). Calculate y(i).
-4
Let q(a) = 0 + 5*a + 2 - a**2 + 0*a. Let w be (8/(-14))/((-12)/(-42)) - -2. Suppose w = -r - 2*v + 7, 5*r - 6*v + 2*v - 21 = 0. Determine q(r).
2
Let w(i) = 7*i - 49 - 7*i**2 - 10*i**2 + 30 - i**3 + 10*i. What is w(-18)?
-1
Let p(i) be the second derivative of -i**5/20 + 7*i**4/12 + 4*i**3/3 + i**2 + 5*i. Let m be (0 - 0)/(10 + -8) + 8. What is p(m)?
2
Let i be -14*3/12*560/(-196). Let w(u) = -2*u**2 + 20*u + 11. Determine w(i).
11
Let x(r) be the first derivative of -r**2/2 - r - 1. Let t(q) = -7*q - 5. Let p(d) = -2*t(d) + 10*x(d). Suppose 8*n + 15 = 3*n. Determine p(n).
-12
Let d(x) = 7*x + 4 + 6*x**2 - 7*x**2 + 2*x. Let u be d(9). Let a(f) = 2*f**3 + 3*f - 1. Let g(i) = i**3 - i**2. Let j(l) = -a(l) + 3*g(l). Calculate j(u).
5
Let m(j) = -j**3 - 13*j**2 + 19. Let f be m(-13). Let z(n) = 1 - 12*n - n**2 - 5 + f*n. What is z(5)?
6
Let x(s) be the second derivative of s**4/24 - s**3 - 11*s**2/2 - 7*s. Let r(g) be the first derivative of x(g). Let m be 0*(6/(-4))/(-3). What is r(m)?
-6
Let l(t) = -3*t + 0*t - t**2 + 6 + 0*t**2. Let o(y) = -y**2 + 16*y - 13. Let n be o(15). Suppose -n*c - 15 = p + 3*c, 23 = -5*p + c. Determine l(p).
-4
Let n(v) = v**3 + 9*v**2 + 15*v + 15. Let s be n(-6). Let g(j) = -6*j - 34 - s + 66. Determine g(-5).
29
Let n(w) = 2*w + 1. Suppose 4*b + 30 = 2*p, -1 = -3*p + 14. Let z be 10/b + (0 - -8). Suppose z*x = 2*x + 12. What is n(x)?
7
Let w(p) = -p - 5. Let n(v) = -2*v - 10. Suppose 0*u = -4*u + 8. Let m(a) = u*n(a) - 5*w(a). Let f be m(-6). Let d(y) = -4*y + 1. Determine d(f).
5
Let c be (-18)/(144/(-68)) + -1 + -5. Let o(y) be the second derivative of 2/3*y**3 + 0 + 5/12*y**4 + 1/20*y**5 + c*y**2 - y. Calculate o(-4).
5
Let b(d) = 3*d + 6. Suppose 5*r - 3*r = 2*g - 22, -5*g = 3*r - 47. Suppose 7*k - 5*k = -g. Determine b(k).
-9
Let f(j) be the first derivative of 3*j**2/2 + j + 302. Give f(0).
1
Let c(h) = -2*h**2 + 17*h - 28. Let k be (522/(-232))/((-6)/16). Give c(k).
2
Let x(p) = -p**3 - 6*p**2 + p + 2. Suppose -6*f = -10*f + 124. Let u = f + -37. Give x(u).
-4
Let d(h) = -6285*h**3 + 6 - 11*h**2 + 3*h**2 + 6284*h**3 + h - 8*h. Determine d(-7).
6
Let k be 3/((9 - 3) + -3). Suppose -i = -k + 4. Let a(t) = t**3 + 3*t**2 + t + 1. Let j be a(i). Let b(w) = -7*w. Calculate b(j).
14
Let h = 2347 + -2339. Let n(y) = -3*y - 7. Give n(h).
-31
Let h(q) = q**2 + 3*q - 1. Let w(k) = k**2 + 4*k. Let f(m) = -3*h(m) + 4*w(m). Give f(-9).
21
Let j(q) be the second derivative of q**4/6 - 5*q**3/6 + 5*q**2/2 + 7*q. Let k be j(2). Let c(z) = 3 + z**2 - 5*z + k - 10. Calculate c(5).
-4
Let g be (-3 - -1) + (-2 - 17). Let o = g - -29. Let y(m) = 2*m**2 + 3*m + m**2 + 4 - o. Give y(-3).
14
Let k(n) = -n**3 - 4*n**2 - 1. Suppose -3*t - 22 = -85. Suppose 4*w + 40 + 52 = 0. Let y = t + w. Calculate k(y).
-9
Let u = -10 + 14. Let y(x) = 47 - 50 - 36*x**3 - 5*x**2 + 37*x**3. Calculate y(u).
-19
Let h(n) = 3 - 14*n - 18*n + 24*n. Give h(1).
-5
Let b = -3 - 11. Let v be (-2)/4 - 6/4. Let g be (-135)/35 - v/b. Let c(j) = -j**3 - 5*j**2 - 2*j. Determine c(g).
-8
Let b(g) be the second derivative of -g**3/6 + 7*g**2 - 252*g. Give b(6).
8
Suppose -3*x - 4*h = -20, 2*h = 2*x - 48 + 16. Let j = -4 + 11. Let b = j - x. Let u(d) = d + 1. Calculate u(b).
-4
Suppose -3*b - 2 = -2*m + 3, -4*b = 3*m + 35. Let w(u) = u + 2. Determine w(m).
-3
Let o(j) = 94 - 180 + 85 - j. What is o(7)?
-8
Let n(t) = t + 2. Suppose 77 - 23 = -27*l. Determine n(l).
0
Let